{"id":66,"date":"2017-04-03T08:58:30","date_gmt":"2017-04-03T08:58:30","guid":{"rendered":"https:\/\/mmeleslie.com\/?page_id=66"},"modified":"2021-08-09T13:15:47","modified_gmt":"2021-08-09T11:15:47","slug":"a-propos-mme-leslie","status":"publish","type":"page","link":"https:\/\/mmeleslie.com\/index.php\/a-propos-mme-leslie\/","title":{"rendered":"\u00c0 propos de Leslie"},"content":{"rendered":"<p>[vc_row][vc_column][vc_single_image image=\u00a0\u00bb2355&Prime; img_size=\u00a0\u00bbfull\u00a0\u00bb alignment=\u00a0\u00bbcenter\u00a0\u00bb][vc_empty_space height=\u00a0\u00bb0.45rem\u00a0\u00bb alter_height=\u00a0\u00bbnone\u00a0\u00bb hide_on_mobile=\u00a0\u00bb\u00a0\u00bb][vc_empty_space height=\u00a0\u00bb\u00a0\u00bb alter_height=\u00a0\u00bbsmall\u00a0\u00bb hide_on_mobile=\u00a0\u00bb\u00a0\u00bb][vc_empty_space height=\u00a0\u00bb\u00a0\u00bb alter_height=\u00a0\u00bbsmall\u00a0\u00bb hide_on_mobile=\u00a0\u00bb\u00a0\u00bb][vc_empty_space height=\u00a0\u00bb\u00a0\u00bb alter_height=\u00a0\u00bbsmall\u00a0\u00bb hide_on_mobile=\u00a0\u00bb\u00a0\u00bb][vc_column_text]<\/p>\n<div class=\"vc_row wpb_row vc_row-fluid\">\n<div class=\"wpb_column vc_column_container vc_col-sm-12 sc_layouts_column_icons_position_left\">\n<div class=\"vc_column-inner\">\n<div class=\"wpb_wrapper\">\n<div class=\"wpb_text_column wpb_content_element \">\n<div class=\"wpb_wrapper\">\n<p><span style=\"font-size: 14pt; color: #06636d;\"><strong>A- Biographie<\/strong><\/span><\/p>\n<p><span style=\"font-size: 14pt;\">Mme Leslie a commenc\u00e9 \u00e0 entreprendre \u00e0 l\u2019\u00e2ge de 17 ans. Quelques ann\u00e9es plus tard, la voici \u00e0 la t\u00eate de 5 entreprises et d\u2019une association d\u00e9di\u00e9e \u00e0 l\u2019accompagnement des jeunes femmes, qui choisissent l\u2019entreprenariat comme d\u2019accomplissement.<\/span><\/p>\n<p><span style=\"font-size: 14pt;\">L\u2019entreprenariat et elle, c\u2019est une histoire d\u2019amour qui dure plus de 15 ans. Elle a le privil\u00e8ge et l\u2019honneur d\u2019accompagner plusieurs Dirigeants de PME\/PMI, issus de multiples secteurs d\u2019activit\u00e9s et de divers continents dans le rayonnement de leurs soci\u00e9t\u00e9s.<\/span><\/p>\n<p><span style=\"font-size: 14pt;\">L\u2019entreprenariat est pour elle, une v\u00e9ritable passion. Avec minutie, elle passe en revue vos projets afin d\u2019\u00e9tablir la strat\u00e9gie gagnante qui garantira le succ\u00e8s de votre activit\u00e9 et l\u2019accroissement de votre chiffre d\u2019affaires.<\/span><\/p>\n<p><span style=\"font-size: 14pt;\">Consultante en Strat\u00e9gies et D\u00e9veloppement d\u2019affaires c\u2019est cette expertise qu\u2019elle met \u00e0 votre profit afin de propulser vos business au sommet.<\/span><\/p>\n<p><span style=\"font-size: 14pt;\">C\u2019est la femme de l\u2019ombre qui travaille pour mettre en lumi\u00e8re les Grandes \/ Hommes que vous \u00eates.<\/span><\/p>\n<\/div>\n<\/div>\n<\/div>\n<\/div>\n<\/div>\n<\/div>\n<div class=\"vc_row wpb_row vc_row-fluid\">\n<div class=\"wpb_column vc_column_container vc_col-sm-12 sc_layouts_column_icons_position_left\">\n<div class=\"vc_column-inner\">\n<div class=\"wpb_wrapper\">\n<div class=\"vc_empty_space height_tiny\"><\/div>\n<\/div>\n<\/div>\n<\/div>\n<\/div>\n<div class=\"vc_row wpb_row vc_row-fluid\">\n<div class=\"wpb_column vc_column_container vc_col-sm-12 sc_layouts_column_icons_position_left\">\n<div class=\"vc_column-inner\">\n<div class=\"wpb_wrapper\">\n<div class=\"wpb_text_column wpb_content_element \">\n<div class=\"wpb_wrapper\">\n<p><span style=\"font-size: 14pt; color: #06636d;\"><strong>B- Ses Entreprises<\/strong><\/span><\/p>\n<p><span style=\"font-size: 14pt;\">Shilo\u2019s Events : Agence de Communication \u00c9v\u00e9nementielle<\/span><br \/>\n<span style=\"font-size: 14pt;\">Bloom Management : Soci\u00e9t\u00e9 de Gestion de Placements<\/span><br \/>\n<span style=\"font-size: 14pt;\">LK consulting : Consultante sp\u00e9cialis\u00e9e en Strat\u00e9gie d\u2019Affaires et Conseil en Management<\/span><br \/>\n<span style=\"font-size: 14pt;\">Les Accessoires de Lili : Marque d\u2019accessoire haut de gamme au f\u00e9minin<\/span><br \/>\n<span style=\"font-size: 14pt;\">My Beauty Full Day : Association Loi 1901 d\u00e9di\u00e9e aux jeunes femmes afin de les \u00e9quiper \u00e0 entreprendre.<\/span><\/p>\n<\/div>\n<\/div>\n<\/div>\n<\/div>\n<\/div>\n<\/div>\n<div class=\"vc_row wpb_row vc_row-fluid\">\n<div class=\"wpb_column vc_column_container vc_col-sm-12 sc_layouts_column_icons_position_left\">\n<div class=\"vc_column-inner\">\n<div class=\"wpb_wrapper\">\n<div class=\"vc_empty_space height_tiny\"><\/div>\n<\/div>\n<\/div>\n<\/div>\n<\/div>\n<div class=\"vc_row wpb_row vc_row-fluid\">\n<div class=\"wpb_column vc_column_container vc_col-sm-12 sc_layouts_column_icons_position_left\">\n<div class=\"vc_column-inner\">\n<div class=\"wpb_wrapper\"><\/div>\n<\/div>\n<\/div>\n<\/div>\n<div id=\"gtx-trans\" style=\"position: absolute; left: 118px; top: 645px;\">\n<div class=\"gtx-trans-icon\"><\/div>\n<\/div>\n<p>[\/vc_column_text][\/vc_column][\/vc_row]<\/p>\n","protected":false},"excerpt":{"rendered":"<p>[vc_row][vc_column][vc_single_image image=\u00a0\u00bb2355&Prime; img_size=\u00a0\u00bbfull\u00a0\u00bb alignment=\u00a0\u00bbcenter\u00a0\u00bb][vc_empty_space height=\u00a0\u00bb0.45rem\u00a0\u00bb alter_height=\u00a0\u00bbnone\u00a0\u00bb hide_on_mobile=\u00a0\u00bb\u00a0\u00bb][vc_empty_space height=\u00a0\u00bb\u00a0\u00bb alter_height=\u00a0\u00bbsmall\u00a0\u00bb hide_on_mobile=\u00a0\u00bb\u00a0\u00bb][vc_empty_space height=\u00a0\u00bb\u00a0\u00bb alter_height=\u00a0\u00bbsmall\u00a0\u00bb hide_on_mobile=\u00a0\u00bb\u00a0\u00bb][vc_empty_space height=\u00a0\u00bb\u00a0\u00bb alter_height=\u00a0\u00bbsmall\u00a0\u00bb hide_on_mobile=\u00a0\u00bb\u00a0\u00bb][vc_column_text] A- Biographie Mme Leslie a commenc\u00e9 \u00e0 entreprendre \u00e0 l\u2019\u00e2ge de 17 ans. Quelques ann\u00e9es plus tard, la voici \u00e0 la t\u00eate de 5 entreprises et d\u2019une association d\u00e9di\u00e9e&hellip;<\/p>\n","protected":false},"author":1,"featured_media":0,"parent":0,"menu_order":0,"comment_status":"closed","ping_status":"closed","template":"","meta":[],"_links":{"self":[{"href":"https:\/\/mmeleslie.com\/index.php\/wp-json\/wp\/v2\/pages\/66"}],"collection":[{"href":"https:\/\/mmeleslie.com\/index.php\/wp-json\/wp\/v2\/pages"}],"about":[{"href":"https:\/\/mmeleslie.com\/index.php\/wp-json\/wp\/v2\/types\/page"}],"author":[{"embeddable":true,"href":"https:\/\/mmeleslie.com\/index.php\/wp-json\/wp\/v2\/users\/1"}],"replies":[{"embeddable":true,"href":"https:\/\/mmeleslie.com\/index.php\/wp-json\/wp\/v2\/comments?post=66"}],"version-history":[{"count":5,"href":"https:\/\/mmeleslie.com\/index.php\/wp-json\/wp\/v2\/pages\/66\/revisions"}],"predecessor-version":[{"id":2510,"href":"https:\/\/mmeleslie.com\/index.php\/wp-json\/wp\/v2\/pages\/66\/revisions\/2510"}],"wp:attachment":[{"href":"https:\/\/mmeleslie.com\/index.php\/wp-json\/wp\/v2\/media?parent=66"}],"curies":[{"name":"wp","href":"https:\/\/api.w.org\/{rel}","templated":true}]}}

À propos de Leslie

<p>[vc_row][vc_column][vc_single_image image= »2355&Prime; img_size= »full » alignment= »center »][vc_empty_space height= »0.45rem » alter_height= »none » hide_on_mobile= » »][vc_empty_space height= » » alter_height= »small » hide_on_mobile= » »][vc_empty_space height= » » alter_height= »small » hide_on_mobile= » »][vc_empty_space height= » » alter_height= »small » hide_on_mobile= » »][vc_column_text]</p>
<div class="vc_row wpb_row vc_row-fluid">
<div class="wpb_column vc_column_container vc_col-sm-12 sc_layouts_column_icons_position_left">
<div class="vc_column-inner">
<div class="wpb_wrapper">
<div class="wpb_text_column wpb_content_element ">
<div class="wpb_wrapper">
<p><span style="font-size: 14pt; color: #06636d;"><strong>A- Biographie</strong></span></p>
<p><span style="font-size: 14pt;">Mme Leslie a commencé à entreprendre à l’âge de 17 ans. Quelques années plus tard, la voici à la tête de 5 entreprises et d’une association dédiée à l’accompagnement des jeunes femmes, qui choisissent l’entreprenariat comme d’accomplissement.</span></p>
<p><span style="font-size: 14pt;">L’entreprenariat et elle, c’est une histoire d’amour qui dure plus de 15 ans. Elle a le privilège et l’honneur d’accompagner plusieurs Dirigeants de PME/PMI, issus de multiples secteurs d’activités et de divers continents dans le rayonnement de leurs sociétés.</span></p>
<p><span style="font-size: 14pt;">L’entreprenariat est pour elle, une véritable passion. Avec minutie, elle passe en revue vos projets afin d’établir la stratégie gagnante qui garantira le succès de votre activité et l’accroissement de votre chiffre d’affaires.</span></p>
<p><span style="font-size: 14pt;">Consultante en Stratégies et Développement d’affaires c’est cette expertise qu’elle met à votre profit afin de propulser vos business au sommet.</span></p>
<p><span style="font-size: 14pt;">C’est la femme de l’ombre qui travaille pour mettre en lumière les Grandes / Hommes que vous êtes.</span></p>
</div>
</div>
</div>
</div>
</div>
</div>
<div class="vc_row wpb_row vc_row-fluid">
<div class="wpb_column vc_column_container vc_col-sm-12 sc_layouts_column_icons_position_left">
<div class="vc_column-inner">
<div class="wpb_wrapper">
<div class="vc_empty_space height_tiny"></div>
</div>
</div>
</div>
</div>
<div class="vc_row wpb_row vc_row-fluid">
<div class="wpb_column vc_column_container vc_col-sm-12 sc_layouts_column_icons_position_left">
<div class="vc_column-inner">
<div class="wpb_wrapper">
<div class="wpb_text_column wpb_content_element ">
<div class="wpb_wrapper">
<p><span style="font-size: 14pt; color: #06636d;"><strong>B- Ses Entreprises</strong></span></p>
<p><span style="font-size: 14pt;">Shilo’s Events : Agence de Communication Événementielle</span><br />
<span style="font-size: 14pt;">Bloom Management : Société de Gestion de Placements</span><br />
<span style="font-size: 14pt;">LK consulting : Consultante spécialisée en Stratégie d’Affaires et Conseil en Management</span><br />
<span style="font-size: 14pt;">Les Accessoires de Lili : Marque d’accessoire haut de gamme au féminin</span><br />
<span style="font-size: 14pt;">My Beauty Full Day : Association Loi 1901 dédiée aux jeunes femmes afin de les équiper à entreprendre.</span></p>
</div>
</div>
</div>
</div>
</div>
</div>
<div class="vc_row wpb_row vc_row-fluid">
<div class="wpb_column vc_column_container vc_col-sm-12 sc_layouts_column_icons_position_left">
<div class="vc_column-inner">
<div class="wpb_wrapper">
<div class="vc_empty_space height_tiny"></div>
</div>
</div>
</div>
</div>
<div class="vc_row wpb_row vc_row-fluid">
<div class="wpb_column vc_column_container vc_col-sm-12 sc_layouts_column_icons_position_left">
<div class="vc_column-inner">
<div class="wpb_wrapper"></div>
</div>
</div>
</div>
<div id="gtx-trans" style="position: absolute; left: 118px; top: 645px;">
<div class="gtx-trans-icon"></div>
</div>
<p>[/vc_column_text][/vc_column][/vc_row]</p>

<p>[vc_row][vc_column][vc_single_image image= »2355&Prime; img_size= »full » alignment= »center »][vc_empty_space height= »0.45rem » alter_height= »none » hide_on_mobile= » »][vc_empty_space height= » » alter_height= »small » hide_on_mobile= » »][vc_empty_space height= » » alter_height= »small » hide_on_mobile= » »][vc_empty_space height= » » alter_height= »small » hide_on_mobile= » »][vc_column_text] A- Biographie Mme Leslie a commencé à entreprendre à l’âge de 17 ans. Quelques années plus tard, la voici à la tête de 5 entreprises et d’une association dédiée&hellip;</p>
